o**2 - 18*o - 5. Let d be x(-17). Let g(q) = 166*q - 19. Is g(d) composite?
False
Suppose 24 = 3*c - 3. Let y(h) = 41*h + 8. Is y(c) a prime number?
False
Suppose t - 4*t - 8 = 4*d, -4*d - 20 = 0. Let y(p) = p**2 + 1. Let m be y(2). Suppose m*b = t*b + 203. Is b composite?
True
Let v(f) = -24453*f + 673. Is v(-6) prime?
True
Let p(w) = -w**3 + 3*w**2 + 9*w - 10. Let x be p(5). Is -2 + 1473/9 + 10/x a prime number?
False
Suppose -3043 = 13*q - 12000. Suppose -n - 5*i = -797, 2*n - 2*i - 881 - q = 0. Is n a composite number?
False
Suppose 14*l - 13*l + 2*y - 247 = 0, -y + 1253 = 5*l. Is l a composite number?
False
Is 2/(-15) + 30478082/690 a prime number?
True
Let y be 2/(-2) - 8*-2. Let j be (12/y)/(1/(-50)). Let g = j - -89. Is g prime?
False
Let c(o) = -11690*o - 22. Let g be c(-2). Suppose 7*v = g - 3681. Is v a prime number?
False
Suppose -13*o - 34791 = -16*o. Is o composite?
False
Let g = 31 - 38. Let j(l) = -143*l + 8. Is j(g) prime?
True
Suppose -4*v - 1354 - 174 = 0. Let c = -237 - v. Is c prime?
False
Let u(t) = 418*t**2 - 13*t + 13. Is u(-2) a prime number?
False
Let u(d) = -185*d**3 + d**2 - 29*d - 136. Is u(-5) a composite number?
False
Suppose g = -3*j - 52, -5*g + 3*g = -3*j + 140. Let r = g + 18. Is -87*2/(12/r) prime?
False
Suppose -4*r - 2*x + 4*x = -2140, -4*x - 16 = 0. Let u = r - 210. Is u prime?
False
Let w = 512 - 507. Suppose 0 = r - 5*r + 36. Suppose -d = 3*x - r - 103, -w*d + 116 = 3*x. Is x prime?
True
Suppose 2*f + 2*f = -2*a + 24, 0 = 4*f - 2*a - 8. Suppose -f*o - 8 = 0, o + 30 = 4*l + 2*o. Is l + 0 + -7 + 6 a composite number?
False
Suppose 0 = -2*d - 0 + 6. Suppose c = 2*c + d. Is (-2)/c*111/2 a composite number?
False
Suppose 2*k - 5*w = 816 + 2121, 5*w = 15. Let t = k + 2467. Is t a prime number?
True
Suppose -g + 39 = -2*g. Let d be 100/6*(-1 + 4). Let i = d - g. Is i prime?
True
Let m(x) = -x**2 - 4*x + 6. Let i be m(-4). Is -3 + (-2 - i)*119/(-2) a composite number?
True
Let g(j) = 9*j**3 - 35*j - 5. Is g(12) a composite number?
True
Suppose -o = -l + 101 + 10374, -5*l = o - 52387. Is l a prime number?
True
Suppose 3*j - 8*j + 15 = 0. Suppose 2*x - 556 = -3*a - 215, 4*x = j*a - 353. Suppose a = 7*v - 2*v. Is v composite?
False
Suppose -11392 = -18*d + 38594. Is d prime?
True
Suppose 0 = -53*c + 46*c + 54719. Is c a prime number?
True
Suppose 4*q = -7*l + 5*l, -2*q = -4*l + 10. Is -2 + -3 + 45*l a composite number?
True
Let g be ((-28)/42)/((-2)/(-711)). Let c(n) = 4*n**2 - 2*n - 2. Let w be c(-2). Is g*2/w*-3 composite?
False
Let p be -5 + (-441)/(-91) - (-2266)/26. Suppose -221 - p = -4*v. Is v prime?
False
Let g(v) = -2*v**3 - 20*v**2 + 1. Let s be g(-10). Let w = 0 + -6. Is w/2*s + 334 a prime number?
True
Let l(c) = -c**3 + 17*c**2 - 17*c - 4. Let a be l(16). Let g = -2 - 6. Is (-3 + a/g)*-1074 composite?
True
Is ((-333)/36 - -10) + 197762/8 a prime number?
False
Is 201995/45 - (6 - (-224)/(-36)) prime?
False
Let f be ((-21)/14)/((-2)/4). Suppose -f*d + 16 = 1. Suppose -d*l + 125 = -0. Is l a composite number?
True
Let w = 109 - 172. Is 2/(-9) - 8393/w a prime number?
False
Let u(k) = -6*k**3 - 2*k**2 + 18*k - 11. Let a be u(7). Let l = -680 - a. Is l a composite number?
False
Let i(f) = -54*f - 289. Is i(-25) prime?
True
Let u = -31 - -18. Let k be 5*u/((-195)/(-126)). Is (-2322)/k - (-2)/(-7) a composite number?
True
Let s = -1075 - -3974. Is s prime?
False
Let u(o) = -2037*o + 29. Is u(-6) prime?
True
Let g be (-1 + 4 - 2)*-1. Let j be (0 - (-2 - 2)) + g. Suppose 0 = -5*u - 4*i + 807, -j*u + 110 = i - 370. Is u a composite number?
True
Suppose -5*g + 3*m = -10*g + 47665, -5*g - 4*m = -47665. Is g a prime number?
True
Suppose 5*z + 5*p - 1210 = 0, 7*z - 500 = 5*z + 2*p. Suppose -z = -5*q + 949. Is q a composite number?
False
Is 4/(-28)*-7 + (-3 - -1951) a composite number?
False
Suppose 5*l - 6 = 2*l. Suppose -h + l*s = -11, 2*s + 10 = -2*h - 2*s. Is 332 + h/(0 - 3) composite?
False
Let t(v) = 281*v + 19. Let c be t(-8). Let n be (-76)/8 - (-3)/2. Is (c/4)/(6/n) prime?
True
Is (((-3)/(-2))/1)/((-6)/(-4476)) prime?
False
Suppose -15*t - 556 = 1259. Let z be 718/(-4) - (-2)/4. Let a = t - z. Is a a prime number?
False
Suppose -3*f + 0*f = 3*w - 222978, 0 = -f - 10*w + 74353. Is f prime?
True
Suppose -w = -4*y - 12, -2*y - 9 = -5*w + y. Suppose m - 5*m + 8708 = w. Is m a prime number?
False
Let z(m) = 5*m**3 - 2*m**2 + 2*m - 1. Let w be z(1). Suppose 604 = w*k + 96. Is k a prime number?
True
Suppose 2*a + a - 9324 = -3*q, 3*q + 3112 = a. Is a a prime number?
True
Is (26/(-6) - -4)/(10/(-5970)) a prime number?
True
Suppose -h - 201641 = -4*x, 56987 = 2*x - 5*h - 43820. Is x prime?
True
Let k(q) be the first derivative of -q**3/3 - q**2 + 701*q - 1. Is k(0) a composite number?
False
Suppose a - 4507 = 3*z + z, -4*a + 18028 = -5*z. Is a composite?
False
Suppose 1018 + 286 = 2*n. Suppose -6*a = -2*a - n. Is a composite?
False
Suppose -2*z + 4*m - 53292 = -142246, z = m + 44474. Is z a prime number?
False
Let v = -5288 + 36889. Is v a composite number?
False
Let n be (-17618)/(-16) - 2/16. Let d = n - 654. Is d prime?
False
Let d be 356/14 - 12/28. Suppose -m = -6*m + d. Suppose -r - 2*n - n = -41, m*r - 3*n - 277 = 0. Is r a composite number?
False
Let i(x) = 64*x - 15. Let o be i(-11). Let r = o + 271. Let j = 813 + r. Is j a prime number?
False
Let c = 40 - 35. Is 6 - (7 - c) - -475 a prime number?
True
Suppose 13*i + i = 78162. Is i a prime number?
False
Let g = 12880 + -4116. Suppose -6*q = -3074 - g. Is q composite?
False
Let y = 7397 + 5852. Is y a prime number?
True
Let c = -20324 - -50751. Is c a prime number?
True
Let l = 26 + -36. Let i be (2 + l)/(1/(-1)). Let y(b) = 4*b**2 + 4*b + 5. Is y(i) a composite number?
False
Suppose 0 = -5*g + u + 85389, 0 = u + 4*u + 20. Is g a composite number?
False
Let h = -83 + 79. Is 206*(2/h)/((-5)/10) a prime number?
False
Suppose 0 = -5*c - 0*c + 15. Suppose -c*w = 2*p - 136, 3*p - 242 = -w + 6*w. Suppose 4*v - 274 = -2*j, -19 = v - 4*j - p. Is v a composite number?
False
Let w be 0 + (-1 - (-3 + 4)). Let p = w - -7. Suppose -p*n = -4*n - 23. Is n a composite number?
False
Suppose -d - 3187 = -3*g - 3*d, -2130 = -2*g - 4*d. Is g composite?
False
Suppose 0 = -d - 5*y + 93 + 20, 0 = -4*d - 5*y + 407. Suppose 0 = o - d + 84. Is o prime?
False
Let a(x) be the second derivative of -x**3/3 - 13*x**2/2 - 4*x. Is a(-22) a composite number?
False
Let s = -29 + 33. Suppose -261 + 49 = -s*k. Is k a composite number?
False
Suppose 2*s - 3*s + 2*w + 13 = 0, w = 3*s - 24. Let x(q) = 2*q**3 - 2*q**2 + 9*q - 10. Is x(s) a composite number?
False
Is 7/(49/(-35)) + 6048 a prime number?
True
Let y be (-72)/(-21) + (-16)/(-28). Let d be -26*(-22)/y + -2. Let o = 410 + d. Is o prime?
False
Suppose 4*a - j - 4201 = 0, 3*a + 0*a - 4*j = 3167. Is a a composite number?
False
Suppose 0 = 6*t - 24 - 0. Suppose 1290 = 4*r - v, -t*r - v = r - 1617. Is r a prime number?
False
Let u be (-1 + -1)*(-165)/(-30). Is (201/(-2))/(u/22) a composite number?
True
Suppose 0 = w, 39305 = 5*o - 15*w + 13*w. Is o a composite number?
True
Let k(w) = 20*w**2 + w - 3*w + 1 + 3*w. Let d = 33 + -35. Is k(d) a prime number?
True
Let i = 1033 - 1827. Let z = 375 - i. Is z prime?
False
Is (24540/72)/5*(1 - -5) a composite number?
False
Is (4734/(-12) - 0)*(-22)/3 prime?
False
Suppose 17*o = -2*o + 49001. Is o a prime number?
True
Suppose 422326 = 9*g + 11107. Is g a composite number?
False
Let h(s) = 2*s**2 - 10*s - 6. Let o be h(6). Is (-1503)/(-6)*o/9 a prime number?
True
Let d be 4*(-1)/(-4)*3. Suppose 0*v + 17 = k + d*v, 10 = -2*k + 5*v. Is (-5)/(k/(-117)) + -2 composite?
True
Let s = -8442 - -12953. Is s a prime number?
False
Let o = -912 - -1453. Is o a prime number?
True
Let z(g) = g**3 + 18*g**2 + 22*g - 9. Is z(-14) a composite number?
False
Let l be 9/4 + 52/(-16) + 3. Suppose 0 = -4*b - l*z + 1280, z + 1 = -1. Is b a composite number?
True
Let m(g) = -135*g - 1. Let d(j) = 202*j + 1. Let f(s) = -5*d(s) - 7*m(s). Suppose -15 - 5 = 5*w. Is f(w) prime?
False
Suppose -25*s = -24*s - 439. Is 3*s - ((-12)/4 - -1) prime?
True
Let d = -68 - -66. Is d - -4*100/32*2 composite?
False
Let w(t) be the second derivative of t**5/10 - t**4/4 - t**3 - 3*t**2 + 14*t. Is w(5) a prime number?
True
Suppose j = 5*y - 3*j